= 157*z + 95. Let i(j) = 4*c(j) - 7*q(j). Determine i(-11).
-8
Let n(i) be the first derivative of i**3/3 - 7*i**2/2 - 6*i - 130. Suppose -10 = w - 6*w. Suppose -8 = -w*b + 6. Determine n(b).
-6
Let i(a) = 2*a**2 + 16*a - 5. Let m(b) = b**3 - 10*b**2 - 41*b - 12. Let z be m(-3). What is i(z)?
-29
Let h be 12/(-10)*(-10)/3. Let x(w) = 334*w + 1031. Let i be x(-3). Suppose -33*u + i*u = h. Let o(l) = -7*l**3 - l**2 - l. Give o(u).
7
Let q(v) = -2*v**3 + 5*v**2 + 4*v + 7. Let b be q(3). Let x(f) = f. Let m(g) = -6. Let u(j) = m(j) + x(j). Give u(b).
4
Let q(o) = -1050*o - 1056*o + 2108*o. Suppose 6*m = m - 5. Let f be m*(3 + -2) + -2. Calculate q(f).
-6
Let n be (0 + -4)/4*5/(60/132). Let u(t) = -t**3 - 11*t**2 + 12*t - 12. Calculate u(n).
-144
Suppose 15 = 5*y - 2*f, y + 3*f = 5*y - 5. Let g = -1121 - -1124. Let q(u) = -y - g*u - 2 + 8 + 15*u. Give q(-1).
-11
Let l be ((-16)/(-28) - 2)*(-7)/(-2). Let o(d) = -5*d - 12. Determine o(l).
13
Let v(d) = -2*d**3 - 2 - 6*d**2 + 3*d**3 + 3. Let b = -662 - -642. Let i(h) = h**3 + 21*h**2 + 18*h - 34. Let x be i(b). Determine v(x).
1
Let v(j) = 4*j + 2*j**2 + 8*j**3 - 2*j - 2*j**3 + 1. Let f be 8 - (4 - (-10 - -5)). Give v(f).
-5
Suppose 3*u - 149 = -5*t + 2*u, -104 = -4*t + 3*u. Suppose 14 = -5*p - 26*z + t*z, 6 = -p - z. Let c(w) = w**3 + 5*w**2 + w - 7. Determine c(p).
5
Let i(g) be the first derivative of 17*g**2/2 - 850*g + 3387. Give i(50).
0
Suppose 0 = -5*i + 60 - 0. Let r(y) = 1 + y**2 + 3*y - 16*y + 13. Let c be r(i). Let v(j) = 5*j**2 + 2*j - 3. What is v(c)?
21
Suppose 10*x - 556 + 516 = 0. Let m(v) = -2*v + 3. Calculate m(x).
-5
Suppose -3*p + 36 = -4*v, 3*p + 36 = -42*v + 38*v. Let g(w) be the second derivative of -w**4/12 - w**3/6 - 2*w. What is g(p)?
0
Let z(t) be the third derivative of t**6/120 + 3*t**5/20 + 3*t**4/8 + 7*t**3/6 + t**2. Suppose 12018*a = 11993*a - 200. Calculate z(a).
-1
Let j(s) be the first derivative of 18*s**3 - s**2 + 3*s - 1116. Determine j(1).
55
Let p(t) = 15*t + 6. Let a(g) = 43*g + 17. Let i(k) = 5*k**2 + 43*k + 7. Let l be i(-8). Let m(d) = l*p(d) + 6*a(d). Determine m(-2).
-6
Let g(v) = 4*v**2 - 97 + 102 + 6*v**2 - 4*v - 6*v**2. What is g(2)?
13
Let h be (73/(-1314))/(3/(-27)). Let x(f) be the first derivative of 3*f - h*f**2 + 8. What is x(0)?
3
Let l(v) = v**3 - 4*v**2 + 3*v + 3. Let n be (255/34)/((-1)/(-4)). Suppose 30*y = 40*y - n. Calculate l(y).
3
Let p(y) = -y**3 - y**2 - y. Let n(b) = -4*b**3 - 11*b**2 + 7*b + 1. Let q be ((-54)/90)/((-4)/(-20)). Let c(o) = q*p(o) + n(o). What is c(-9)?
-8
Let p(q) be the second derivative of q**4/6 - q**3/6 + q**2 - 161*q. Let n = -63 - -32. Let t = n + 33. Determine p(t).
8
Let r(v) = -2*v**3 - 29*v**2 - 14*v - 27. Let b be r(-14). Let n(q) = -3*q - 81. What is n(b)?
0
Let t(l) be the second derivative of 19*l**5/20 - l**4/12 - l**3/3 - l**2 + 8482*l. Determine t(-1).
-20
Let r(v) = -18*v + 31. Let x be r(2). Let f(i) = 3*i - 4 + 7 + 1 + 0. Calculate f(x).
-11
Let j(r) = r**3 - 5*r**2 + r - 3. Let a = -10 - -90. Suppose 0 = -5*s - a + 105. Give j(s).
2
Let s(k) = 1216*k + 3638. Let c be s(-3). Let o(z) = -108*z - 1084. Calculate o(c).
-4
Let u be ((-4 - 3) + -3)/(-2). Suppose 0 = -5*n - 0*b + 5*b + 45, -u*n + 15 = 5*b. Suppose -3*i - n = -18. Let g(a) = a**3 - 3*a**2 - 4*a - 5. Determine g(i).
-5
Suppose 3*g = 2*y - 66, 30 = -4*g + y - 53. Let n = 14 - g. Let a(b) = -n + 15 + 3*b + 20. Give a(2).
7
Let x(t) = 2*t**2 + 15*t + 4. Suppose -4*l + 236 = u, -5*l = -5*u - 9*l + 1228. Let w = -255 + u. Determine x(w).
-3
Suppose 5*x + 2 = 4*x. Let j(g) = 2*g**3 + 5*g**2 - 6*g - 8. Let d be j(-3). Let l(k) = 41*k - 3 - 41*k - 2*k**2 + d. Determine l(x).
-10
Let y(o) be the third derivative of -o**5/60 + o**4/6 - o**3/3 - 86*o**2. Let m be (-24)/(-60) - 18/(-5). Determine y(m).
-2
Let j(v) = -9*v + 10 - 68 + 8 - v**2 + 12 + 22. Determine j(-5).
4
Let l(w) = 6*w + 4*w - 13*w + 4. Give l(2).
-2
Let x(f) = 14*f**2 - 66*f - 35. Let h be x(5). Let j(w) = -3*w**2 - 43*w + 24. Determine j(h).
-6
Let x be 68/(-85)*-10 - 11. Let a(t) = -18*t - 37. Give a(x).
17
Let h(j) = -j + 1. Let w be 5*-4*(-5)/(10/3). Let y be ((-294)/w)/(-7)*-5. What is h(y)?
8
Let d be -9*(-6 - -17)*(-21)/(-9). Let q = 226 + d. Let g(x) = -1. Let p(y) = -4*y - 9. Let z(f) = -4*g(f) + p(f). What is z(q)?
15
Suppose -952 = -58*c + 54*c. Let m = c + -230. Let d(s) = s**3 - 7*s**2 - 6*s - 7. Give d(m).
9
Suppose -4*b - 4 = f - 6*b, b = f. Suppose -3*k + 2*k = -3, 72 = 3*v - f*k. Let l(r) = 32*r - r**2 - 59*r + v*r. Give l(2).
-2
Let a(g) = g + 6. Let j(l) = 20 - 13*l - 14*l + 28*l. Let s be j(-18). Let i be (116/14 - s) + (-28)/98. Determine a(i).
12
Let h(l) = -l**3 - 5*l**2 - 3*l - 4. Let k(y) = y**3 - 6*y**2 - 7*y - 9. Let p be k(7). Let c be p*1*(-22)/(-6). Let z = 29 + c. Calculate h(z).
-8
Suppose -81 = 36*d + 495. Let l be ((-1)/(-2))/(d/64). Let o(f) = -9*f - 2. Give o(l).
16
Suppose 5*q = 2*b - 61, -34 = -4*b + 3*b - q. Let u = -31 + b. Suppose 3*p - 2 + 22 = -4*y, -u*p = y + 5. Let w(t) = -t + 3. Determine w(y).
8
Let g(z) = 3*z**2 + 157*z - 275. Let q be g(-54). Let i(k) = 4*k + 5. Give i(q).
-15
Let x = 64 + -46. Suppose 0 = -3*h + 27 + x. Suppose -3*p - h = 0, -2*o - 2*p = p + 9. Let i(s) = -10*s + 2. Give i(o).
-28
Let h(b) be the first derivative of -b**3/3 + b**2 - 3*b - 506. Let y be 1 - (3 + 3)/(-3). Suppose -s = y*s + 16. Give h(s).
-27
Let i = 159 - 158. Let n(b) = -b. Let j(t) = t**2 - 14*t - 1. Let c(k) = i*j(k) - 3*n(k). What is c(9)?
-19
Let k(s) = 9*s - 7. Suppose -4*j + 2*i + 2566 = 0, 2*j - 3*i + i - 1284 = 0. Let p = j - 639. Calculate k(p).
11
Let y(x) be the second derivative of 0 - 1/6*x**3 + 3/2*x**2 + 5*x. Let c(z) = -z - 3. Let t be c(-7). Give y(t).
-1
Let y(u) = 8292*u**2 - 8295*u**2 + 992 - 1007 - 12*u. Determine y(-2).
-3
Let l = -47 - -47. Suppose -3*v + 78 + 15 = l. Let k(d) = 22*d - 63*d + v*d. Determine k(-1).
10
Let s(z) be the first derivative of -16*z**3/3 - z**2 + z - 1078. Calculate s(2).
-67
Let v be (-1820)/(-4) - (-12 - -9). Suppose -3*n + 446 = v. Let q(j) = 6*j - 5. What is q(n)?
-29
Let q be (6/8 + 0)*(87/(-29) - 5). Let o(c) = -c**3 - 4*c**2 + 8*c - 25. What is o(q)?
-1
Let v(s) be the second derivative of -s + 13/6*s**3 - 1 - 1/2*s**2. Calculate v(1).
12
Let x(j) = j**2 - j + 2. Let d be x(1). Let l(i) = 35 - d*i**2 + 165*i - 38 - 171*i. Give l(-4).
-11
Let x(c) = -133*c**2 - 3*c + 41*c**2 + 87*c**2 + 3. Determine x(3).
-51
Let w(v) = v**3 + 2*v**2 - 163*v - 705. Let p be w(-11). Let q(r) = 51*r**2 + 2*r. Let t(n) = -26*n**2 - n. Let g(z) = 4*q(z) + 9*t(z). What is g(p)?
-29
Let n(s) = 145 - 27 - 23*s - 124. Determine n(-2).
40
Let q(y) = 22*y - 9*y**2 + 13 + 12*y**2 + 8*y**2 - y**3 - 80*y + 4*y**2. Let s be q(7). Let x(c) = -31*c - 2. Give x(s).
29
Let x(u) = -3*u**3 + 2*u - 5. Suppose -76*m + 10 = -71*m. Let c(p) = p**3 + p**2 + 1. Let y(j) = m*c(j) + x(j). Let a = 8 - 5. Determine y(a).
-6
Let h(p) be the second derivative of -p**4/12 + 13*p**3/6 + p**2 - 96*p. Let i(w) = -4*w + 13. Let q be i(0). Calculate h(q).
2
Let b(l) = -14862*l**2 - 1 + 14861*l**2 + 75 - 3*l. Give b(7).
4
Let z(w) = 2711 + 2713 - w - 10858 + 2715 + 2716. Let x be (-1)/(2*1/(-22)). Determine z(x).
-14
Suppose -32*k = 3*s - 31*k - 15, 0 = 2*s - 5*k + 7. Suppose 0 - 2 = -q. Let p(y) = -8 + 4*y**2 - y**3 - y + q*y + s. Determine p(4).
0
Suppose -p + 3*j = 54 - 28, 0 = -5*p - 2*j + 6. Let s(f) = -2 + 2*f**2 + f**2 + 2*f + 2*f + 4. Calculate s(p).
6
Let a(s) = -s**2 - 6*s + 1. Let j(u) = -u + 17. Let z be j(8). Suppose z*n + 135 = 4*n. Let r = -33 - n. Calculate a(r).
1
Let l(r) = r**3 - 5*r**2 + 6*r - 135. Suppose 1015*g - 28 = 1011*g. Give l(g).
5
Let z(g) = -g + 10. Let r(x) be the first derivative of 3*x - 7. Suppose -15 - 20 = 5*t. Let k(s) = t*r(s) + 2*z(s). Calculate k(2).
-5
Let k be (-18)/30*1 - (-370)/(-50). Let p(z) = -z**3 - 8*z**2 + 5*z + 8. Determine p(k).
-32
Suppose -16*a - 362 = 598. Let x be (a/(-45))/((-2)/6). Let t(m) = m**3 + 5*m**2 + 3*m - 2. Give t(x).
2
Let v(q) = -q**3 - 9*q**2 + 14*q - 12. Let m = -19178 + 19168. What is v(m)?
-52
Let s(m) be the first derivative of -1/3*m**3 + 10*m - 1/2*m**2 - 52. Determine s(0).
10
Let v(m) = 3*m**2 - 3*m - 7. Let f(c) = c**3 + 7*c**2 - 59*c + 5. Let z be f(-12). Calculate v